s the remainder when 110 is divided by i?
36
Calculate the remainder when ((-1088)/(-192))/((-2)/(-30)) is divided by 25.
10
Let o = 15 - 14. Let h = 0 + o. What is the remainder when 287/14 + h/2 is divided by 12?
9
Calculate the remainder when 344*(-12)/(-48) + 10/(-2) is divided by 19.
5
Suppose -f = 3*f - d - 70, 41 = 3*f + 5*d. Let j = f - -9. Calculate the remainder when j is divided by 9.
8
Calculate the remainder when 448 is divided by 27*(0 - 10/(-6)).
43
Suppose -3*d + 0 = -6. Suppose -80 = -d*m - 2*m. Let v(b) = b**2 - 10*b - 28. Calculate the remainder when m is divided by v(13).
9
Suppose 0 = -3*l - l + 824. Let f = l + -129. Suppose -3 - 17 = -r. What is the remainder when f is divided by r?
17
Suppose 2*g = 6*g - 160. Suppose -4*q - q = -g. Suppose -4*v - 15 = -5*r, r + v - 3 = -2*v. Calculate the remainder when q is divided by r.
2
Suppose 2*m - 4 = 0, o - 2*m - 175 = 2*m. Let h = o + 9. Calculate the remainder when h is divided by 39.
36
Let g(q) = -q + 7. Let z be g(7). Suppose -4*o + z = 16. Calculate the remainder when 18 is divided by 5 + (o + -6)/(-5).
4
Let h(v) = v**2 + 3*v - 4. Suppose -3 = -q - 7. Let i be -1 - q/(-4)*-3. Calculate the remainder when 22 is divided by h(i).
4
Let i = 247 - 137. What is the remainder when i is divided by 16?
14
Suppose -4*g + 208 = 16. Suppose -4*z - 65 = -5*m, 3*m + 2*m - 3*z = 70. Calculate the remainder when g is divided by m.
14
Let t(f) = -22*f - 11. Let o be t(-4). Let a = 123 - o. Calculate the remainder when 182 is divided by a.
44
Let i be (-36)/90 + (-12)/(-5). Let t = i - 5. What is the remainder when (-1 - -8)*(t + 9) is divided by 15?
12
Let i = -20 - -60. Calculate the remainder when 78 is divided by i.
38
Suppose 62 = -18*m + 21*m + 5*c, -m + 18 = c. Calculate the remainder when 165 is divided by m.
11
Suppose 0 = -9*h - 49 - 50. Calculate the remainder when (0 - -1)*(-990)/h is divided by 23.
21
Suppose 0*c = 7*c - 35. Suppose 3*u - t = 322, -412 = -c*u + u - 3*t. What is the remainder when u is divided by 27?
25
Let h = -8 + 8. Suppose h*g + 30 = 2*g. What is the remainder when 28 is divided by g?
13
Let m(o) = -4*o - 2. Let r be m(-4). Suppose 4*t = 42 + r. Suppose -5*x = -2*k - 197, 193 = 5*x - 3*k + 5*k. Calculate the remainder when x is divided by t.
11
Let r = 18 - 11. Suppose -r*h = -8*h. Suppose h = -2*g + g + 77. What is the remainder when g is divided by 20?
17
Suppose 5*z = 5*g + 5, z + 3*g = 6*z - 9. What is the remainder when 5 is divided by 40/14 - z/(-21)?
2
Suppose -4*m + 40 = -3*v, v - 2*m = 2*m - 24. Suppose -5 = -2*g + 5. What is the remainder when 18/(-1)*4/v is divided by g?
4
Suppose -3*d + 2*a + 61 = 0, d - 4*d = 4*a - 67. Let k = 78 + -38. Calculate the remainder when k is divided by d.
19
Let r(s) = -6*s + 34. Calculate the remainder when 161 is divided by r(2).
7
Let i = 1081 - 1035. What is the remainder when i is divided by 18?
10
Let c(j) = 5*j**2 - j - 27. Calculate the remainder when c(8) is divided by 36.
33
Let v = -32 - -21. Let c = -16 - v. Calculate the remainder when ((-2)/(-3))/(c/(-120)) is divided by 6.
4
Let v(r) = -r**2 + 33*r + 121. What is the remainder when 200 is divided by v(35)?
47
Let g(p) = -p**2 + 12*p - 7. Suppose -3*z + 126 = j + 2*j, -2*z + j = -96. What is the remainder when z is divided by g(8)?
21
Suppose 0 = -48*h + 59*h - 836. What is the remainder when h is divided by 16?
12
Suppose 5*h - 2*k = 18, 3*h - 5 = 3*k + 13. Suppose 0 = 2*c - 5*a + 7 + 2, 0 = -2*c - a + 21. What is the remainder when c is divided by h?
0
Suppose 0 = z - 3*b, -5*b = -z - z. Suppose 5*s + 12 - 2 = z. Calculate the remainder when 13 is divided by (14/6)/(s/(-6)).
6
Suppose -5*z = 4*y + 79, -y - y - 68 = 4*z. Let j = 56 + z. Calculate the remainder when j is divided by 20.
17
Suppose 3*g + 112 - 535 = 0. Calculate the remainder when g is divided by 18.
15
Suppose 16*d - 460 = -5*q + 19*d, 4*q = 5*d + 355. Calculate the remainder when q is divided by 42.
11
Suppose -5*t = 2*r - 143, 4*r - t - 481 + 140 = 0. Calculate the remainder when r is divided by 22.
18
Suppose -3*x + 698 = 4*q, 4*q = 3*x + 490 + 220. What is the remainder when q is divided by 84?
8
Let n = 284 + -263. What is the remainder when 271 is divided by n?
19
Let o = 4 - -2. Suppose 10 + o = y. Suppose 5*x + 2*g - 10 - 27 = 0, -g = -4*x + 40. Calculate the remainder when y is divided by x.
7
Suppose 5*w + 0*w = -5. Let t = 142 + -91. Calculate the remainder when t is divided by (w - 15 - -3)/(-1).
12
Calculate the remainder when 9621/99 - (-8)/(-44) is divided by 20.
17
Suppose -58 - 98 = -6*b. What is the remainder when 50 is divided by b?
24
Suppose 4*n - 14*l - 13 = -9*l, 0 = -4*l - 4. Calculate the remainder when 24 is divided by n.
0
Suppose -7*u = -13*u + 1362. What is the remainder when u is divided by 61?
44
Suppose -5*j + 4*j + 12 = 0. Suppose p - 2*p = -4*m, -m = -5*p + 19. What is the remainder when (-182)/(-4) + 2/p is divided by j?
10
Let y = 202 + -112. Calculate the remainder when y is divided by 40.
10
Suppose 5*m = -j + 206, -m + 72 + 122 = j. Calculate the remainder when j is divided by 12.
11
Suppose -r + 4*r = 5*l - 141, 0 = -2*l + 3*r + 60. Calculate the remainder when 58 is divided by l.
4
Let p(u) = 1 + u - u**2 + 2*u**2 + 5*u**3 - 6*u + 6*u. Let j be p(-1). Let t(o) = -2*o + 1. What is the remainder when 17 is divided by t(j)?
8
Let h be -9*2*1/(-6). Suppose 0*q - h*o + 3 = -q, 5*o + 5 = 0. Let l(x) = x**2 + 3*x + 5. What is the remainder when l(q) is divided by 6?
5
What is the remainder when 853 is divided by 0 - ((-3215)/30 - 2/(-12))?
104
Let q(p) = 30*p**3 - 6*p**2 + 15*p - 12. What is the remainder when q(2) is divided by 3?
0
Suppose 35 = 16*s - 9*s. Calculate the remainder when s is divided by 3.
2
Suppose 2*a + 6*s = 4*s + 44, -15 = -3*s. What is the remainder when 31 is divided by a?
14
Let r(b) = -2*b**2 - 7*b + 2. Let j be r(-7). Let l = j - -56. Calculate the remainder when 32 is divided by l.
5
Let m = -119 - -178. Suppose -2*t - 103 = 5*w - 293, -4*t - 38 = -w. Let u = w + -8. Calculate the remainder when m is divided by u.
29
Suppose 9265 = -8*p + 117*p. What is the remainder when 417 is divided by p?
77
Suppose -4*o = -4*q - 332, -o - 5*q = -3*q - 95. Suppose -3*w - 15 = -6*w. Suppose 6*d - 30 = w*d. What is the remainder when o is divided by d?
27
Suppose -w = 15*w - 1488. Suppose 156 = 8*u - 5*u - l, 2*u + 3*l = w. What is the remainder when 356 is divided by u?
50
What is the remainder when 237 is divided by (-6)/(-4)*-188*(-45)/135?
49
Suppose 16*f - 8*f = 2032. Let j = 67 + f. Calculate the remainder when j is divided by 23.
22
Calculate the remainder when (90/(-10) - -11)*(59 - 0) is divided by 16.
6
Let o(w) = 5*w**2 - 30*w - 22. Calculate the remainder when o(10) is divided by 38.
26
Let i = 39 + -24. Let n = i + -12. What is the remainder when 2/(-4) + 13/2 is divided by n?
0
Let q(i) = 15*i + 7. Let v be q(5). Suppose 4*w - 43 = -2*z + w, -v = -5*z + w. Calculate the remainder when 65 is divided by z.
14
Suppose 5*v - 5*a = 5, 3*a = -0*v - 3*v + 9. Suppose 49 = 3*b - v*b. What is the remainder when 243 is divided by b?
47
Suppose 0 = -5*k + 10, m - 22 = -k - 1. Suppose 0 = -4*i - 57 + 73. Suppose -5*d + m = -3*b, i*d + d - 13 = b. Calculate the remainder when 7 is divided by d.
1
Let n(z) = -z**3 + 3*z**2 + 13*z - 4. What is the remainder when n(-5) is divided by 57?
17
Let v(p) = p**3 + 12*p**2 - 17*p - 32. Let d be v(-13). Calculate the remainder when d + -3 + (1 - -3) is divided by 8.
5
Suppose 0 = -3*o - 0 + 18. Let g(w) = 3*w**3 + 1. Let m be g(1). Suppose -k + 105 = 5*y, 5*y - m*k = 2*y + 63. What is the remainder when y is divided by o?
3
Let s(y) = -y**3 + 8*y**2 - 8*y + 11. Suppose -q + 24 = 3*q. Suppose 5*x - 18 = 4*x. What is the remainder when s(q) is divided by x?
17
Suppose 36*i - 614 = 1042. What is the remainder when i is divided by 26?
20
Suppose -n + 6*n = 2*d - 1012, 0 = 3*d - 5*n - 1508. What is the remainder when d is divided by 27?
10
Let j = -482 + 574. Calculate the remainder when j is divided by 11.
4
Let l(q) = q**2 - 6*q - 15. Let t be l(5). Let z = t + 31. What is the remainder when z is divided by 2?
1
Let a be (38/285 + (-34)/30)*5. Let r(v) = -v**3 + v**2 - 12. What is the remainder when r(